276067
What are the prime factors of 2150138554?
2, 137, 883, 8887
What are the prime factors of 2581139493?
3, 19, 59, 107, 797
List the prime factors of 894979944.
2, 3, 12430277
What are the prime factors of 327196129?
13, 89, 282797
What are the prime factors of 53618418?
2, 3, 7, 19, 22397
What are the prime factors of 81345563?
13, 181, 191
List the prime factors of 2842827116.
2, 12941, 54919
What are the prime factors of 340559425?
5, 13622377
What are the prime factors of 698924765?
5, 7, 11, 1815389
What are the prime factors of 368267745?
3, 5, 103, 238361
List the prime factors of 391333434.
2, 3, 1297, 50287
List the prime factors of 628595778.
2, 3, 1613, 64951
What are the prime factors of 3943865878?
2, 2621, 752359
What are the prime factors of 3390063101?
229, 14803769
What are the prime factors of 21351516?
2, 3, 19, 37, 2531
What are the prime factors of 2448299209?
2683, 912523
List the prime factors of 132838657.
7, 71, 38183
List the prime factors of 3036266194.
2, 13, 227, 359, 1433
What are the prime factors of 129263138?
2, 17, 3801857
List the prime factors of 7571973.
3, 2523991
List the prime factors of 82749483.
3, 53, 283, 613
List the prime factors of 3037815007.
21169, 143503
List the prime factors of 230824761.
3, 113, 349, 1951
List the prime factors of 1348069916.
2, 97, 1549, 2243
What are the prime factors of 5658897461?
7, 1381, 585383
What are the prime factors of 1180566303?
3, 7, 56217443
List the prime factors of 257320662.
2, 3, 107, 113, 3547
List the prime factors of 1255063135.
5, 251012627
List the prime factors of 89563430.
2, 5, 11, 814213
What are the prime factors of 69168728?
2, 23, 167, 2251
What are the prime factors of 57811349?
6229, 9281
List the prime factors of 11481606.
2, 3, 439, 1453
What are the prime factors of 666053277?
3, 659, 336901
List the prime factors of 283339314.
2, 3, 163, 269, 359
What are the prime factors of 3280986749?
3280986749
List the prime factors of 164534703.
3, 449, 122149
What are the prime factors of 4497100415?
5, 23, 167, 10181
List the prime factors of 356503091.
7, 509, 100057
List the prime factors of 37356915.
3, 5, 2490461
What are the prime factors of 70175991?
3, 1487, 15731
What are the prime factors of 203515695?
3, 5, 1667, 2713
List the prime factors of 172552399.
89, 1938791
What are the prime factors of 37713401?
11, 311681
What are the prime factors of 26022989?
19, 461, 2971
What are the prime factors of 38547346?
2, 19273673
What are the prime factors of 130338542?
2, 89, 732239
List the prime factors of 194259163.
7, 27751309
List the prime factors of 147962324.
2, 59, 626959
List the prime factors of 224381685.
3, 5, 11, 1031, 1319
List the prime factors of 361565724.
2, 3, 13, 17, 136337
List the prime factors of 394758536.
2, 49344817
What are the prime factors of 1539927837?
3, 7, 24443299
What are the prime factors of 22256218?
2, 11128109
List the prime factors of 3086999023.
79, 631, 61927
List the prime factors of 154136709.
3, 37, 154291
List the prime factors of 13615799.
19, 716621
What are the prime factors of 24842818?
2, 7, 11, 13, 12409
List the prime factors of 217733308.
2, 13, 37, 113167
List the prime factors of 746304011.
24767, 30133
What are the prime factors of 63235796?
2, 13, 131, 9283
What are the prime factors of 267388035?
3, 5, 1877, 9497
What are the prime factors of 84762646?
2, 17, 2493019
List the prime factors of 239562770.
2, 5, 23956277
What are the prime factors of 2399353929?
3, 7, 251, 151733
List the prime factors of 14152557.
3, 4717519
List the prime factors of 1828561688.
2, 2383, 95917
List the prime factors of 189057520.
2, 5, 2363219
What are the prime factors of 1004809418?
2, 23, 331, 65993
What are the prime factors of 119336008?
2, 11, 43, 47, 61
List the prime factors of 149725872.
2, 3, 1039763
List the prime factors of 48573606.
2, 3, 8095601
What are the prime factors of 1064794835?
5, 13, 1637, 10007
List the prime factors of 70922050.
2, 5, 43, 32987
List the prime factors of 197695972.
2, 73, 677041
List the prime factors of 271578696.
2, 3, 11315779
What are the prime factors of 199077827?
13, 1297, 11807
List the prime factors of 561463868.
2, 7, 20052281
List the prime factors of 5233777.
5233777
List the prime factors of 262879010.
2, 5, 131, 200671
List the prime factors of 1079319555.
3, 5, 23984879
What are the prime factors of 701693180?
2, 5, 19, 1846561
What are the prime factors of 354614166?
2, 3, 41, 160169
List the prime factors of 4301695835.
5, 4457, 193031
List the prime factors of 109588060.
2, 5, 5479403
List the prime factors of 64128667.
19, 863, 3911
What are the prime factors of 965149413?
3, 691, 465581
List the prime factors of 2636628341.
349, 7554809
List the prime factors of 114564507.
3, 4721, 8089
List the prime factors of 3817158525.
3, 5, 16965149
List the prime factors of 8898803.
17, 523459
List the prime factors of 440485887.
3, 146828629
What are the prime factors of 29263625?
5, 193, 1213
List the prime factors of 141923254.
2, 11, 113, 57089
What are the prime factors of 1232892548?
2, 308223137
What are the prime factors of 429480851?
31, 103, 134507
What are the prime factors of 115366681?
115366681
What are the prime factors of 2119202383?
41, 51687863
What are the prime factors of 886603157?
11, 4933, 16339
List the prime factors of 4031301802.
2, 11, 199, 229, 4021
List the prime factors of 1904508328.
2, 61, 113, 34537
List the prime factors of 64008922.
2, 4639, 6899
List the prime factors of 1952283888.
2, 3, 13557527
What are the prime factors of 1611045497?
29, 5393, 10301
What are the prime factors of 91826446?
2, 45913223
What are the prime factors of 1201372233?
3, 31, 12917981
What are the prime factors of 117037178?
2, 58518589
What are the prime factors of 152936877?
3, 151, 337609
List the prime factors of 63302090.
2, 5, 1163, 5443
What are the prime factors of 40449808?
2, 7, 361159
List the prime factors of 512386324.
2, 17, 7535093
List the prime factors of 139752004.
2, 7, 4991143
List the prime factors of 377202861.
3, 7, 5987347
List the prime factors of 430634282.
2, 13, 29, 571133
What are the prime factors of 34501245?
3, 5, 17, 19, 7121
What are the prime factors of 2840938590?
2, 3, 5, 7, 269, 50291
List the prime factors of 1514061656.
2, 1979, 95633
List the prime factors of 6896493.
3, 766277
What are the prime factors of 1098131809?
19, 67, 862633
What are the prime factors of 16648426?
2, 31, 263, 1021
What are the prime factors of 2060190?
2, 3, 5, 11, 2081
List the prime factors of 295917639.
3, 98639213
List the prime factors of 50123798.
2, 547, 45817
What are the prime factors of 1412781046?
2, 109, 443, 14629
List the prime factors of 23844360.
2, 3, 5, 43, 4621
List the prime factors of 52084546.
2, 26042273
List the prime factors of 1208283059.
61, 19807919
List the prime factors of 110681827.
6473, 17099
List the prime factors of 83936308.
2, 223, 94099
What are the prime factors of 711516588?
2, 3, 31, 1912679
List the prime factors of 33268747.
33268747
List the prime factors of 5327019822.
2, 3, 2791, 318107
List the prime factors of 93829335.
3, 5, 1489, 4201
What are the prime factors of 14502651?
3, 4834217
What are the prime factors of 34196876?
2, 7, 179, 6823
List the prime factors of 3447048662.
2, 53, 1231, 26417
What are the prime factors of 32941730?
2, 5, 3294173
What are the prime factors of 4395029676?
2, 3, 3571, 102563
List the prime factors of 76729.
277
List the prime factors of 2434119738.
2, 3, 17, 73, 326903
List the prime factors of 98592556.
2, 2083, 11833
What are the prime factors of 6375730452?
2, 3, 7, 13, 59, 67, 211
What are the prime factors of 404220548?
2, 101055137
List the prime factors of 82026718.
2, 233, 176023
What are the prime factors of 2528259?
3, 53, 15901
List the prime factors of 46367507.
313, 148139
What are the prime factors of 426367497?
3, 17, 8360147
List the prime factors of 8044001478.
2, 3, 41, 10899731
List the prime factors of 1100961097.
1100961097
What are the prime factors of 1359639907?
3907, 348001
List the prime factors of 2353929048.
2, 3, 37, 43, 20549
List the prime factors of 690872450.
2, 5, 193, 71593
What are the prime factors